 n(p) be the first derivative of t(p). Calculate n(-4).
-5
Let y(m) = -5*m**3 + 6*m**2 + 2*m - 7. Let b(n) = 11*n**3 - 12*n**2 - 4*n + 14. Let w(l) = 6*b(l) + 13*y(l). Determine w(-5).
8
Suppose 4 + 21 = 5*c + 5*s, 3*s = 2*c + 5. Let y(q) = 0*q**c - 6 + q**2 + q - 2*q + 2. What is y(0)?
-4
Let g(b) = 4*b**2 - 2*b - 1. Let i(o) = o**2 + 2*o - 4. Let n be i(-3). Calculate g(n).
5
Let s(c) be the first derivative of c**3/3 - 7*c**2/2 + 2*c + 352. What is s(8)?
10
Let f = -84 + 95. Suppose -f + 7 = 4*w. Let t(a) = -20*a**3 - a**2 + 1. What is t(w)?
20
Let g(o) = o**3 - 3*o**2 + 2*o - 1. Let m be (6/(-9))/(3/(-9)). Suppose 5*v + 29 = m*j, 3*j + v - 1 + 0 = 0. Give g(j).
-1
Let t(l) = -l + 7. Let v(x) = -14*x - 59. Let a be v(-5). Determine t(a).
-4
Let c(h) be the third derivative of -h**4/12 - h**3/3 - 93*h**2 - 2*h. Determine c(1).
-4
Let v = 2 + 1. Let i(p) = -3*p - 4. Let a(k) = -2*k - 2. Let s(b) = v*i(b) - 5*a(b). Suppose -5*u + 40 = 3*u. What is s(u)?
3
Suppose 50*x - 60*x + 20 = 0. Let t(c) be the third derivative of 5/24*c**4 + 0 + c**2 - 1/2*c**3 + 0*c. Give t(x).
7
Let u(i) = 3*i + 8. Let w be u(-4). Let p(x) = -x**3 - 5*x**2 - 7*x - 6. Determine p(w).
6
Let t = -252 - -249. Let l(k) = -3*k - 4. Give l(t).
5
Let n(h) = h**2 - 20*h - 480. Let i be n(-14). Let x(u) = u**3 + 4*u**2 - u - 5. Calculate x(i).
-1
Let x(n) = -3*n - 4*n - n - 8 + 11*n. Calculate x(-8).
-32
Suppose -183 - 12 = -5*c. Let m = c + -30. Let a(p) = -p**2 + 7*p + 13. What is a(m)?
-5
Suppose -x - x = -6. Suppose 4*q = -x*p + 1, 6*q - p = 5*q + 9. Let c(w) = -w**2 + 3*w + 1. Determine c(q).
-3
Let a(w) = -w**3 + 11*w**2 - 9*w - 8. Let p be 5*(5 + -2 - 1). Let n be a(p). Let i be (28/8 - 1)*n. Let y(u) = -u - 1. Calculate y(i).
-6
Let f be (-10)/4 + (-6)/(-4). Let r(b) = -8*b. Let a be r(f). Let z(g) = g**3 - 7*g**2 - 8*g - 3. Let m be z(a). Let l(o) = 2*o - 3. What is l(m)?
-9
Let j(h) = -3*h - 3. Let b = 168 - 305. Let o = 135 + b. Calculate j(o).
3
Suppose 4*a + 4*o = -16, 2*a = -4*o - 9 - 7. Let p(v) be the third derivative of 8*v**2 - 1/12*v**4 + a + 1/3*v**3 + 1/12*v**5 + 0*v - 1/120*v**6. Give p(5).
-8
Let b(y) be the second derivative of -y**4/12 - 5*y**3/6 + 2*y + 5. Let k be 2/4 + 3/(-2). Let t be -2 + -2*(2 + k). Give b(t).
4
Let d(g) = g**3 - 3*g**2 - 6*g + 6. Let u(l) = -3*l. Let m be u(-1). Suppose 5*n = -5, -4*h + 5*n + 18 = m*n. Give d(h).
-2
Suppose 5*q - 3 = t + 13, -q - 12 = -4*t. Let n(d) = 3*d + t*d - 2*d - 3*d + 1. Determine n(-5).
-9
Let j(i) be the first derivative of -3*i**4/2 - i**3/3 - i**2/2 + 50. Calculate j(-1).
6
Let d be (-1)/((-2)/6*1). Suppose 4*s = -5*m - 20, -3*m - 17 + 5 = -s. Let v(u) = u**2 - 4*u**2 + s*u - u + 2 + 4*u**2. Give v(d).
8
Suppose w + 0*w - 2 = 0. Suppose w*x + 9 = -3. Let m(p) = -p**2 - 6*p + 6. What is m(x)?
6
Let b(z) be the third derivative of -10*z**2 - 1/6*z**3 + 0*z + 0 - 1/24*z**4. What is b(-3)?
2
Let c be 1/(-4 + 4 + 2)*-4. Let k(h) = -2*h**3 - 2*h**2 + h. Give k(c).
6
Let t(h) = h + 1. Let x = 135 - 144. Determine t(x).
-8
Let w(l) = 3 - 11*l + 5*l + l**2 - 1. Suppose -3 - 1 = -4*m. Let n = 5 - m. Calculate w(n).
-6
Let f = -103 - -107. Let l(d) be the third derivative of -3*d**2 - 2/3*d**3 + 0*d + 0 - 7/24*d**f - 1/30*d**5. Determine l(-4).
-8
Let t(a) = -a**3 - 20*a**2 - 18*a + 27. Let n be (4/6)/(14/(-399)). Determine t(n).
8
Suppose 4*n = 20 + 32. Let b(c) = -c**2 + 12*c + 1. Give b(n).
-12
Suppose 2 = 2*i - 3*y - 1, 0 = 5*i + y + 1. Let c(p) be the second derivative of i + 2*p**2 + 5*p - 1/12*p**4 + 5/6*p**3. Calculate c(6).
-2
Let i be (5/(-50))/((-2)/40). Let m(w) = -3*w - 3. Determine m(i).
-9
Suppose b + b - 12 = 0. Let k(d) be the second derivative of d**5/20 - 7*d**4/12 + 5*d**3/6 - 3*d**2/2 - 58*d - 6. What is k(b)?
-9
Suppose 0 = 4*r - r. Suppose 4*o - 5 - 11 = r. Let t(k) be the third derivative of k**6/120 - k**5/15 - k**4/24 + 2*k**2 - 1. What is t(o)?
-4
Suppose 4*v + 2 = -0*v + 5*q, 6 = -3*q. Let p(t) = 0*t - 10 + t + 9 + 0. Give p(v).
-4
Let o(l) = 6*l + 315. Let d be o(-53). Let r(t) = -t**3 + 3*t**2 + 3*t + 1. Determine r(d).
46
Let q(t) = 3*t + 10. Let k(o) = 2*o - 2. Let s(w) = 2*k(w) - q(w). Let n = 16 + -9. Let c be (9/(-3) - -2) + n. Give s(c).
-8
Let d(h) = 3*h - 30. Let j(i) = i - 16. Let t(b) = 3*d(b) - 7*j(b). Calculate t(-9).
4
Let g(r) = r**2 - r + 9. Suppose 4*y = -v + 2*y - 8, 5*y + 20 = 0. Give g(v).
9
Let i(s) = s**2 + 9*s - 4. Let r(y) = 10*y**2 + 77*y + 38. Let o be r(-7). What is i(o)?
18
Let i(x) = x**2 - 3*x - 4. Let w be ((-6)/(-9))/(3/((-90)/(-4))). Suppose w*g = 6*g - 5. Calculate i(g).
6
Suppose -j - 3*x - 2 + 3 = 0, -j + 3 = x. Let n be j/(-18) + 4*39/(-27). Let i(w) = -2*w - 4. Give i(n).
8
Let p(m) = 2*m**2 + 9*m + 11. Let r be p(-3). Let a(k) = -18*k - k**r + 9*k + 20*k - 12. Determine a(9).
6
Let g(x) = -x + 9. Let m(h) = -5*h + 44. Let q(p) = 11*g(p) - 2*m(p). Let d be q(-10). Suppose -56 = -5*c - d. Let n(t) = -t + 10. Calculate n(c).
3
Let p(u) = u**3 - 9*u**2 + 5. Suppose -40 = 11*w - 139. What is p(w)?
5
Let x(q) = -3*q**2 + 11*q + 14. Let w(t) = -2*t**2 + 7*t + 9. Let c(l) = 8*w(l) - 5*x(l). Let o(r) = r**2 - 8*r + 5. Let b be o(7). Calculate c(b).
-4
Let h(f) = -2*f + 8. Let t(i) = 2*i - 8. Let v(a) = 4*h(a) + 5*t(a). Let q be 0/(0 + -6) + 2 - -5. Give v(q).
6
Let c(u) = -u**3 + 5*u**2 + 21*u - 11. Let g(i) = -i**3 + 4*i**2 + 17*i - 10. Let d(v) = -2*c(v) + 3*g(v). Calculate d(4).
-4
Let f(q) = -32*q**3 + 2*q + 0*q - 5 + 4*q**2 - 31*q**3 - 8 + 62*q**3. What is f(4)?
-5
Let o(s) be the third derivative of 7/60*s**5 + 0 - 5/6*s**3 - 2*s**2 + 1/120*s**6 + 0*s**4 + 0*s. Give o(-7).
-5
Let d = 414 + -416. Suppose -3*l - 3 = 0, -2*l = -3*o - o - 26. Let r = o - d. Let k(q) = -q**3 - 6*q**2 - 2*q + 5. Calculate k(r).
-10
Let i(x) be the second derivative of x**3/6 - 19*x**2/2 + 100*x - 1. What is i(13)?
-6
Let l(g) = 10*g + 4. Let i(r) = -12*r + 11. Let x(p) = -5*p + 5. Let b(w) = -4*i(w) + 9*x(w). Let m(q) = 7*b(q) - 2*l(q). Give m(1).
0
Let y be ((-8)/(-5))/((-14)/35). Let w(j) = 4*j**2 + 2*j - 1. Let k(a) = -17*a**2 - 8*a + 4. Let x(i) = -6*k(i) - 26*w(i). Calculate x(y).
-14
Let h(p) = -9*p. Suppose 5 = d + 2*t, -5*d + 12 = -2*t + 47. Let i(q) be the first derivative of -14*q**2 + 3. Let f(k) = d*i(k) + 16*h(k). Give f(2).
-8
Let a(q) be the third derivative of -q**6/120 + q**5/15 + 3*q**4/8 - 5*q**3/6 + 43*q**2. Give a(6).
-23
Let y be 1 - (-3 + -2) - (37 - 39). Let r(a) = a**2 - 7*a - 6. Calculate r(y).
2
Let w(j) = 16*j**2 - 7*j**2 + 3*j + 4 - 10*j**2. Determine w(3).
4
Let q(m) be the first derivative of m**6/360 - m**5/30 - 12*m**3 + 30. Let o(r) be the third derivative of q(r). What is o(6)?
12
Let a(z) be the third derivative of -z**4/12 + z**3/3 - 2*z**2. Suppose 11*k - 13*k = -4. What is a(k)?
-2
Let u be 2 - (((-12)/(-6))/(-2) + -3). Let v(g) = -g + 9. Determine v(u).
3
Let t = -17 + 17. Suppose 2*o = 8 - t. Suppose o*u + 3*l - 2*l - 19 = 0, 3*u + 4*l - 11 = 0. Let h(j) = j**3 - 5*j**2 + 2*j - 6. Give h(u).
4
Let o be 3/2*2 + (8 - 4). Let x(a) = -a**2 + 8*a - 4. Determine x(o).
3
Let c(p) = 8*p - 1. Let d(k) = k**2 + 11*k - 57. Let r be d(4). What is c(r)?
23
Let o(a) = 2*a + 2*a - 2*a - 2. Let c = 1230 + -1233. What is o(c)?
-8
Let q(p) = 5 + 5 + 0 - 10 + 2*p. Determine q(3).
6
Let a(z) = z**2 + 2*z + 2. Let o be a(0). Let v(n) = 4*n**o - 3*n - 5 + 5 + 4 - 5*n**2. Determine v(3).
-14
Let v be 60/300*(-4 + -1). Let r(x) = -18*x - 1. What is r(v)?
17
Let x be (-8)/(-3) + 7/21. Suppose 0*d - 3*r = 3*d - 3, -d = -r - x. Let k(h) = -16*h + 39*h - 19*h - d. Determine k(2).
6
Let p be (0 + 1)/((-47)/141). Let u(m) = 7*m + 4. Calculate u(p).
-17
Suppose 4*y + 11 = -3*r, -10*y + 12*y = -r - 5. Let j(f) = -8*f**2 - 2*f - 2. Let i(n) = -n**2 - n - 1. Let k(l) = -4*i(l) + j(l). What is k(y)?
-18
Let j be (-18)/(-1) + (-4)/(-2). Suppose 2*m - j = -5*r + 21, -3*r - 9 = -3*m. Let l(a) = 18*a - 2*a - m*a - 2 - 9*a. What is l(4)?
-6
Let n(a) = -a**2 + 8*a - 4. Suppose -132 = -5*o + 4*i - 7*i, 0 = -4*o + 5*i + 76. Let u(m) = m**3 - 24*m**2 - 2*m + 55. Let z be u(o). What is n(z)?
3
Let f(o) = 0 - o**2 + 1 + 2*o - 3*o. Let r = -27 - -31. Suppose 0*h = -h + r*t - 11, -16 = -4*h - 4*t. What is f(h)?
-1
Let c(j) be the first derivative of -21*j**5/20 + j**4/12 + 